{"id":7708,"date":"2025-09-10T23:11:57","date_gmt":"2025-09-10T23:11:57","guid":{"rendered":"https:\/\/www.cognist.org\/?page_id=7708"},"modified":"2025-09-15T15:48:22","modified_gmt":"2025-09-15T15:48:22","slug":"serdar-savas","status":"publish","type":"page","link":"https:\/\/www.cognist.org\/index.php\/serdar-savas\/","title":{"rendered":"Serdar Sava\u015f"},"content":{"rendered":"\t\t<div data-elementor-type=\"wp-page\" data-elementor-id=\"7708\" class=\"elementor elementor-7708\">\n\t\t\t\t<div class=\"elementor-element elementor-element-eb81ddf e-flex e-con-boxed qodef-elementor-content-no e-con e-parent\" data-id=\"eb81ddf\" data-element_type=\"container\" data-e-type=\"container\">\n\t\t\t\t\t<div class=\"e-con-inner\">\n\t\t<div class=\"elementor-element elementor-element-19c9521 e-con-full e-flex qodef-elementor-content-no e-con e-child\" data-id=\"19c9521\" data-element_type=\"container\" data-e-type=\"container\">\n\t\t<div class=\"elementor-element elementor-element-d90f867 e-con-full e-flex qodef-elementor-content-no e-con e-child\" data-id=\"d90f867\" data-element_type=\"container\" data-e-type=\"container\">\n\t\t\t\t<div class=\"elementor-element elementor-element-f61faa6 elementor-widget elementor-widget-image\" data-id=\"f61faa6\" data-element_type=\"widget\" data-e-type=\"widget\" data-widget_type=\"image.default\">\n\t\t\t\t\t\t\t\t\t\t\t\t\t\t\t<img decoding=\"async\" src=\"https:\/\/www.cognist.org\/wp-content\/uploads\/elementor\/thumbs\/Foto-Serdar-Savas-rbkk799u19266s3diwp2mvwkux2c2x132rip76clk8.jpeg\" title=\"Foto &#8211; Serdar Savas\u0327\" alt=\"Foto - Serdar Savas\u0327\" loading=\"lazy\" \/>\t\t\t\t\t\t\t\t\t\t\t\t\t\t\t<\/div>\n\t\t\t\t<\/div>\n\t\t<div class=\"elementor-element elementor-element-0220f85 e-con-full e-flex qodef-elementor-content-no e-con e-child\" data-id=\"0220f85\" data-element_type=\"container\" data-e-type=\"container\">\n\t\t\t\t<div class=\"elementor-element elementor-element-af20e0b elementor-widget elementor-widget-emeritus_core_section_title\" data-id=\"af20e0b\" data-element_type=\"widget\" data-e-type=\"widget\" data-widget_type=\"emeritus_core_section_title.default\">\n\t\t\t\t<div class=\"elementor-widget-container\">\n\t\t\t\t\t<div class=\"qodef-shortcode qodef-m qodef-section-title qodef-alignment--left\">\n    \t<p class=\"qodef-m-text\" >Dr.<\/p>\n\t\t<h4 class=\"qodef-m-title\" >\n\t\t\t\t\tSerdar SAVA\u015e\t\t\t<\/h4>\n<\/div>\n\t\t\t\t<\/div>\n\t\t\t\t<\/div>\n\t\t\t\t<div class=\"elementor-element elementor-element-c11548d elementor-widget elementor-widget-text-editor\" data-id=\"c11548d\" data-element_type=\"widget\" data-e-type=\"widget\" data-widget_type=\"text-editor.default\">\n\t\t\t\t\t\t\t\t\t<p class=\"p1\">Dr. Serdar Sava\u015f, genetik bilgiyi ki\u015fiye \u00f6zel koruyucu t\u0131p alan\u0131na d\u00fcnyada ilk kez uygulayan ve bu alanda uluslararas\u0131 liderlik yapan hekim ve bilim insanlar\u0131ndan biridir.<\/p><p class=\"p1\">1960 y\u0131l\u0131nda Ankara\u2019da do\u011fan Sava\u015f, ilk ve orta \u00f6\u011frenimini Ceyhan ve Adana\u2019da tamamlam\u0131\u015f, Kabata\u015f Erkek Lisesi\u2019nden mezun olmu\u015ftur. Y\u00fcksek\u00f6\u011frenimini \u0130stanbul \u00dcniversitesi T\u0131p Fak\u00fcltesi ve \u0130stanbul \u00dcniversitesi Hukuk Fak\u00fcltesi\u2019nde, lisans\u00fcst\u00fc e\u011fitimini ise London School of Economics and Political Science ile London School of Hygiene and Tropical Medicine\u2019de tamamlam\u0131\u015ft\u0131r. Halen Maltepe \u00dcniversitesi\u2019nde, Prof. Dr. \u0130onna Ku\u00e7uradi dan\u0131\u015fmanl\u0131\u011f\u0131nda, felsefe temelli \u0130nsan Haklar\u0131 y\u00fcksek lisans\u0131na devam etmektedir.<\/p><p class=\"p1\">Meslek hayat\u0131nda; Sa\u011fl\u0131k Oca\u011f\u0131 Hekimli\u011fi, Adana \u0130l Sa\u011fl\u0131k M\u00fcd\u00fcrl\u00fc\u011f\u00fc, Sa\u011fl\u0131k Bakanl\u0131\u011f\u0131 M\u00fc\u015favirli\u011fi, Sa\u011fl\u0131k Projesi Genel Koordinat\u00f6rl\u00fc\u011f\u00fc, Sa\u011fl\u0131k Bakanl\u0131\u011f\u0131 M\u00fcste\u015far Yard\u0131mc\u0131l\u0131\u011f\u0131, DS\u00d6 Avrupa B\u00f6lgesi Sa\u011fl\u0131k Hizmet Sistemleri ve Politikalar\u0131 Program Y\u00f6neticili\u011fi ile DS\u00d6 Avrupa Program Direkt\u00f6rl\u00fc\u011f\u00fc g\u00f6revlerinde bulunmu\u015ftur. Birle\u015fik Sa\u011fl\u0131k Sistemleri, \u0130leri T\u0131p Teknolojileri, GENAR Toplum Sa\u011fl\u0131\u011f\u0131 ve Genombilim Ara\u015ft\u0131rmalar\u0131 Enstit\u00fcs\u00fc ile Gentest Toplum Sa\u011fl\u0131\u011f\u0131 Genombilim ve Ki\u015fiye \u00d6zel T\u0131p Enstit\u00fcs\u00fc\u2019n\u00fcn kurucusudur.<\/p><p class=\"p1\">Uluslararas\u0131 alanda sa\u011fl\u0131k ve genombilim \u00fczerine pek \u00e7ok dergide edit\u00f6rl\u00fck yapm\u0131\u015f, bir\u00e7ok komite ve kurulda \u00fcye ya da ba\u015fkanl\u0131k g\u00f6revlerinde bulunmu\u015f; Avrupa Komisyonu, D\u00fcnya Bankas\u0131 ve OECD b\u00fcnyesinde \u00e7e\u015fitli \u00e7al\u0131\u015fmalara imza atm\u0131\u015f, 52 \u00fclkenin sa\u011fl\u0131k projelerinde g\u00f6rev alm\u0131\u015ft\u0131r.<\/p><p class=\"p1\">T\u00fcrkiye Nutrigenetik ve Ki\u015fiye \u00d6zel T\u0131p Derne\u011fi ile Erdemli Yurtta\u015f Hareketi Derne\u011fi\u2019nin kurucu ba\u015fkan\u0131d\u0131r. Kabata\u015f Erkek Lisesi E\u011fitim Vakf\u0131\u2019n\u0131n en gen\u00e7 kurucu \u00fcyesidir. Ayr\u0131ca Be\u015fikta\u015f Jimnastik Kul\u00fcb\u00fc, Kabata\u015fl\u0131 Be\u015fikta\u015fl\u0131lar Derne\u011fi, Kabata\u015fl\u0131lar Derne\u011fi, T\u00fcm F\u00fct\u00fcristler Derne\u011fi ve Yan\u0131nday\u0131z Derne\u011fi \u00fcyesidir. Bilimsel alanda bir\u00e7ok kongre, sempozyum ve e\u011fitim d\u00fczenlemi\u015ftir.<\/p><p class=\"p1\">Dr. Sava\u015f\u2019\u0131n \u00e7e\u015fitli alanlarda yay\u0131mlanm\u0131\u015f \u00e7ok say\u0131da raporu, makalesi, kitap b\u00f6l\u00fcm\u00fc ve kitaplar\u0131 bulunmaktad\u0131r. Yurt i\u00e7i ve yurt d\u0131\u015f\u0131nda bir\u00e7ok kurum ve devletten \u00f6d\u00fcller alm\u0131\u015ft\u0131r.<\/p>\t\t\t\t\t\t\t\t<\/div>\n\t\t\t\t<\/div>\n\t\t\t\t<\/div>\n\t\t\t\t\t<\/div>\n\t\t\t\t<\/div>\n\t\t\t\t<\/div>\n\t\t","protected":false},"excerpt":{"rendered":"<p>Dr. Serdar SAVA\u015e Dr. Serdar Sava\u015f, genetik bilgiyi ki\u015fiye \u00f6zel koruyucu t\u0131p alan\u0131na d\u00fcnyada ilk kez uygulayan ve bu alanda uluslararas\u0131 liderlik yapan hekim ve bilim insanlar\u0131ndan biridir. 1960 y\u0131l\u0131nda [&hellip;]<\/p>\n","protected":false},"author":1,"featured_media":0,"parent":0,"menu_order":0,"comment_status":"closed","ping_status":"closed","template":"","meta":{"_bbp_topic_count":0,"_bbp_reply_count":0,"_bbp_total_topic_count":0,"_bbp_total_reply_count":0,"_bbp_voice_count":0,"_bbp_anonymous_reply_count":0,"_bbp_topic_count_hidden":0,"_bbp_reply_count_hidden":0,"_bbp_forum_subforum_count":0,"footnotes":""},"class_list":["post-7708","page","type-page","status-publish","hentry"],"_links":{"self":[{"href":"https:\/\/www.cognist.org\/index.php\/wp-json\/wp\/v2\/pages\/7708","targetHints":{"allow":["GET"]}}],"collection":[{"href":"https:\/\/www.cognist.org\/index.php\/wp-json\/wp\/v2\/pages"}],"about":[{"href":"https:\/\/www.cognist.org\/index.php\/wp-json\/wp\/v2\/types\/page"}],"author":[{"embeddable":true,"href":"https:\/\/www.cognist.org\/index.php\/wp-json\/wp\/v2\/users\/1"}],"replies":[{"embeddable":true,"href":"https:\/\/www.cognist.org\/index.php\/wp-json\/wp\/v2\/comments?post=7708"}],"version-history":[{"count":7,"href":"https:\/\/www.cognist.org\/index.php\/wp-json\/wp\/v2\/pages\/7708\/revisions"}],"predecessor-version":[{"id":7849,"href":"https:\/\/www.cognist.org\/index.php\/wp-json\/wp\/v2\/pages\/7708\/revisions\/7849"}],"wp:attachment":[{"href":"https:\/\/www.cognist.org\/index.php\/wp-json\/wp\/v2\/media?parent=7708"}],"curies":[{"name":"wp","href":"https:\/\/api.w.org\/{rel}","templated":true}]}}